 h is divided by 16?
10
Suppose 0 = 3*t + 4*q - 140, -2*t + 2*q = -80 - 32. Calculate the remainder when t is divided by 19.
14
Suppose -4*o - 166 = -58. What is the remainder when (2 - -4)/3 - o is divided by ((-24)/(-2))/(6/4)?
5
Let b(m) = m**3 + 4*m**2 - 10*m - 1. Calculate the remainder when 116 is divided by b(-4).
38
Suppose 2*l - 75 = -t, -19*t - l = -18*t - 72. Calculate the remainder when t is divided by 20.
9
Let q(j) = -61*j + 50. Calculate the remainder when q(-8) is divided by 49.
48
Let i(j) = j**2 + 10*j - 172. What is the remainder when 74 is divided by i(-20)?
18
Calculate the remainder when 41 is divided by 77/1*(-9)/(189/(-6)).
19
Suppose 1312 = 4*j + 892. Calculate the remainder when j is divided by 38.
29
Suppose -5*z - z = -1626. Calculate the remainder when z is divided by 39.
37
Suppose 4*f - 24 = -5*b, -f + 16 = 2*b + 4. Let n be 1/(-1) + 200/b. Suppose -5*k = -k - n. Calculate the remainder when 21 is divided by k.
3
Let w(u) = -u**3 - 8*u**2 + 5*u + 10. Calculate the remainder when 228 is divided by w(-9).
44
Let t(l) = -9*l**2 + 2 + 4*l**2 - 15*l + 18*l + 4*l**2. Let a = -8 + 11. What is the remainder when 6 is divided by t(a)?
0
Suppose -2*a = -5*a + 5*w + 49, -3 = -3*w. Suppose 2*y = 5*x - 0*x + 21, 0 = -y + 5*x + 8. Let l = a - y. Calculate the remainder when 13 is divided by l.
3
Calculate the remainder when (2*(-58)/24)/((-7)/42) is divided by 10.
9
Suppose 3*b + 2*s = -34, -2*b - 5*s = 2*b + 57. What is the remainder when (-648)/b + -7 + (3 - 0) is divided by 20?
17
Suppose 2*l = -5*j + 13 + 77, 0 = 3*j - 4*l - 54. Calculate the remainder when 33 is divided by j.
15
Let z(k) = -11*k. Let a be z(-4). Let b be -3*(a/(-3) + 3). Suppose -41 = -4*l + b. What is the remainder when 56 is divided by l?
18
Let y(x) = -2*x**3 - 5*x**2 - 18*x - 28. What is the remainder when 174 is divided by y(-3)?
34
Suppose 0 = -18*k + 13*k + 110. Calculate the remainder when 373 is divided by k.
21
Let z = -223 - -482. What is the remainder when z is divided by 33?
28
What is the remainder when 203 is divided by 3 - ((7 - 3) + (-2 - 50))?
50
Let u(q) = q**3 + 71*q**2 + 145*q - 129. What is the remainder when u(-68) is divided by 134?
131
Let k(b) = -b**2 - 12*b - 8. Let n(z) = -z**2 - 8*z + 6. Let s be n(-9). Let x be (s - -1) + (-9 - 0). Calculate the remainder when 6 is divided by k(x).
0
Suppose -2*x - 74 = -4*f, -24*f = -19*f + 5*x - 130. Calculate the remainder when 167 is divided by f.
20
Let r be (2 - (-4 - -3))/(3/(-2)). Let d(b) = 28*b**2 + 5*b + 10. What is the remainder when d(r) is divided by 23?
20
Suppose 29*n = 37*n - 1760. What is the remainder when n is divided by 14?
10
Let y(w) = 10*w - 6. Let x be ((-2)/4)/((-2)/(-24)). Let i(t) = t + 1. Let m(n) = x*i(n) + y(n). What is the remainder when 23 is divided by m(5)?
7
Let k(d) = -2*d**3 + 2*d**2 + 5*d - 4. Calculate the remainder when k(-3) is divided by 14.
11
Let k = 1444 - 1167. What is the remainder when k is divided by 10?
7
Let c(i) = 2*i**2 - 6*i - 6. Let j(q) be the second derivative of q**4/12 - 13*q**3/6 + 13*q**2 - 3*q. Calculate the remainder when c(-6) is divided by j(13).
24
Suppose -431 = -3*q + n, 4*q - 59*n + 61*n = 558. What is the remainder when q is divided by 18?
16
Suppose 3*c - 364 = 5*w, -c + 85 = -4*w - 34. Calculate the remainder when c is divided by 31.
30
Let d = -9 + 13. Let m(v) = 6*v**3 - 2*v**2 + 1. Calculate the remainder when m(1) is divided by d.
1
Let s = -1345 - -1386. Calculate the remainder when s is divided by ((-3)/(-6))/((-1)/(-22)).
8
Let n = 971 + -893. What is the remainder when n is divided by 23?
9
Let r(f) = f**2 + 12*f - 8. Let k be r(-14). Let d = 20 - k. Suppose -2*o + d*t - 3*t = -29, t = -1. Calculate the remainder when o is divided by 9.
7
Let w(f) = 7*f**2 + 6. Let b = 8 - 12. Let j be ((-2)/b)/(7/(-42)). Calculate the remainder when w(j) is divided by 18.
15
Suppose 0 = n - 0 - 2. Suppose -3*s + 126 = -0*s - n*l, -226 = -5*s - 2*l. Let q(a) = a**3 - 40*a**2 + 12. What is the remainder when s is divided by q(40)?
8
Let x = 16 - 5. Suppose 0 = -52*f + 41*f - 22. Let u = f + x. What is the remainder when u is divided by 6?
3
Suppose -13*a = -3*a - 2450. Suppose z = -2*h + 5 + 58, -h = 4*z - a. Calculate the remainder when z is divided by 16.
13
What is the remainder when 247 is divided by (-9)/(-3)*650/30?
52
Let d(p) = p**2 + p + 26. Let r be d(0). Suppose -h + 80 = r. Let x = h - 7. What is the remainder when x is divided by 16?
15
Let x = 2254 - 2072. What is the remainder when 551 is divided by x?
5
Let n(i) = -i - 6. Let q be n(7). Let z(c) be the third derivative of -c**4/24 + c**3/6 - 91*c**2. What is the remainder when z(q) is divided by 9?
5
Let l = -432 - -420. Let w(a) = -1 - 3*a + a - 13. What is the remainder when 59 is divided by w(l)?
9
Suppose -4 + 29 = 5*r. Suppose 8*c - 231 = -183. What is the remainder when c is divided by r?
1
Let u(s) = -s**3 - 6*s**2 + 3*s + 14. Let d be u(-6). Let o(x) = -9*x - 31. Calculate the remainder when 59 is divided by o(d).
4
Suppose -d - 3*w = -23, 2*w - w - 147 = -4*d. Calculate the remainder when 491 is divided by d.
35
Let h(o) = -o**3 + 10*o**2 + 14*o + 10. Let f(w) be the first derivative of w**2 + w - 2. Calculate the remainder when h(11) is divided by f(5).
10
Let y = -19 + 22. Suppose 0 = 2*h - 4. Suppose -b - 3*i = -19, 2*b + i - h = 4*i. What is the remainder when b is divided by y?
1
Let q = -203 + 225. Calculate the remainder when q is divided by 4.
2
What is the remainder when (-294)/((15/10)/1 - 3) is divided by 37?
11
Let f = 25 + -1. Let u be -3*(f/(-9) + 4). Calculate the remainder when 16 is divided by u + 3 - (-3 - 5).
2
Suppose -56 = -2*q + 80. Suppose -4*j + 11 = 5*n - q, -2*n + 3*j = -27. Calculate the remainder when n is divided by 5 - (24/(-6) + 3).
3
Suppose 4*a - 3*w - 69 - 26 = 0, 2*w = -2. Calculate the remainder when a is divided by 20.
3
Suppose -2*t - 20*u = -18*u - 50, t - u - 25 = 0. Calculate the remainder when 99 is divided by t.
24
Suppose f = -4*t - 3*f + 72, -4*f = 2*t - 44. What is the remainder when 23 is divided by t?
9
Suppose -10*g - 2 + 42 = 0. Let y = 10 - 3. Calculate the remainder when y is divided by g.
3
Let q = 501 + -264. Calculate the remainder when q is divided by 20.
17
Let g(s) = 26*s**2 + 1. Calculate the remainder when 53 is divided by g(-1).
26
Let c(m) = m**3 - 9*m**2 - 11*m + 14. Let r be c(10). Let j(s) = -s**3 + 5*s**2 - s + 9. Calculate the remainder when j(r) is divided by 8.
5
Let b = -1882 + 1883. Calculate the remainder when 2 + ((-3)/1 - -2) is divided by b.
0
Let b = -126 + 246. Suppose -v + b = 7*v. Calculate the remainder when 74 is divided by v.
14
Let f(o) = -4*o**3 - 6*o**2 + 4*o + 16. Let p = -39 - -59. What is the remainder when f(-3) is divided by p?
18
Let r(n) = -13*n**3 - 4*n**2 + 4*n + 9. Calculate the remainder when 172 is divided by r(-2).
83
Suppose 3*d + 320 = 4*k + 7*d, -3*k + d + 244 = 0. What is the remainder when k is divided by 44?
37
Suppose -31 - 23 = -6*k. Suppose 0 = -6*f + k*f - 87. Calculate the remainder when (2/(-5))/(1/(-215)) is divided by f.
28
Suppose 0 = 12*x - 16*x + 1104. Let q = -157 + x. What is the remainder when q is divided by 30?
29
Suppose -3*b + 17 = 5*h + 5, 4*h = b + 13. Suppose -4*u + 53 + 37 = -v, 10 = -5*v. What is the remainder when u is divided by 36/h*2/4?
4
Suppose 2*w - 4*q - 4 = 3*w, w - q = 6. Suppose -5*y = w*p - 38, -3*p + 43 = 2*p + 4*y. What is the remainder when p is divided by 2?
1
Suppose t + b = -b + 21, -3*b = 5*t - 126. Calculate the remainder when t is divided by 10 - (-1 + -1)*2.
13
Suppose 1023*f - 1032*f = -1368. What is the remainder when f is divided by 23?
14
Let l = 48 + -29. Let n be 35*((-5)/7 + 1). What is the remainder when n*(8/20 - 71/(-10)) is divided by l?
18
Suppose 0 = j - 5*c + 45 - 130, 227 = 3*j - c. Calculate the remainder when j is divided by 23.
6
Suppose -5*x - 2*d + 109 = 0, -2*x = -x - d - 26. Suppose 0 = -5*t + 4*o + x, 0 = 3*t + 2*t + 5*o - 50. What is the remainder when 16 is divided by t?
2
Let n(m) = -m**3 + m**2 + m + 5. Suppose 7*h + 16 = 3*h. What is the remainder when n(h) is divided by ((-2)/(-3))/((-18)/(-567))?
18
Suppose -280 = 5*i + 2*i. Calculate the remainder when (-3)/(-1 + i/(-42)) is